{"id":16359,"date":"2026-03-26T18:40:02","date_gmt":"2026-03-26T18:40:02","guid":{"rendered":"https:\/\/streamperfect.de\/?page_id=16359"},"modified":"2026-03-27T01:10:22","modified_gmt":"2026-03-27T01:10:22","slug":"projekt-calin-cafe-bar-hamburg-wandsbek","status":"publish","type":"page","link":"https:\/\/streamperfect.de\/?page_id=16359","title":{"rendered":"Projekt: Calin Caf\u00e9 Bar \u2013 Hamburg Wandsbek"},"content":{"rendered":"\n<h2 class=\"wp-block-heading has-text-align-center\">Calin Bar<\/h2>\n\n\n\n<div class=\"wp-block-group alignfull is-content-justification-center\" style=\"margin-top:0;margin-bottom:0;padding-top:calc( 0.5 * var(--wp--style--root--padding-right, var(--wp--custom--gap--horizontal)));padding-right:var(--wp--style--root--padding-right, var(--wp--custom--gap--horizontal));padding-bottom:calc( 0.5 * var(--wp--style--root--padding-right, var(--wp--custom--gap--horizontal)));padding-left:var(--wp--style--root--padding-left, var(--wp--custom--gap--horizontal))\"><div class=\"wp-block-group__inner-container is-layout-constrained wp-container-core-group-is-layout-b073b61b wp-block-group-is-layout-constrained\">\n<div style=\"height:calc( 0.25 * var(--wp--style--root--padding-right, var(--wp--custom--gap--horizontal)))\" aria-hidden=\"true\" class=\"wp-block-spacer\"><\/div>\n\n\n\n<div class=\"wp-block-columns alignwide are-vertically-aligned-center is-layout-flex wp-container-core-columns-is-layout-3da6863c wp-block-columns-is-layout-flex\">\n<div class=\"wp-block-column is-vertically-aligned-center is-layout-flow wp-block-column-is-layout-flow\" style=\"flex-basis:40%\">\n<figure class=\"wp-block-image size-full\"><img fetchpriority=\"high\" decoding=\"async\" width=\"916\" height=\"1632\" src=\"https:\/\/streamperfect.de\/wp-content\/uploads\/2026\/03\/Bildschirmfoto-2026-03-20-um-22.07.30.png\" alt=\"\" class=\"wp-image-16330\" style=\"aspect-ratio:3\/4;object-fit:cover\" srcset=\"https:\/\/streamperfect.de\/wp-content\/uploads\/2026\/03\/Bildschirmfoto-2026-03-20-um-22.07.30.png 916w, https:\/\/streamperfect.de\/wp-content\/uploads\/2026\/03\/Bildschirmfoto-2026-03-20-um-22.07.30-168x300.png 168w, https:\/\/streamperfect.de\/wp-content\/uploads\/2026\/03\/Bildschirmfoto-2026-03-20-um-22.07.30-449x800.png 449w, https:\/\/streamperfect.de\/wp-content\/uploads\/2026\/03\/Bildschirmfoto-2026-03-20-um-22.07.30-768x1368.png 768w, https:\/\/streamperfect.de\/wp-content\/uploads\/2026\/03\/Bildschirmfoto-2026-03-20-um-22.07.30-862x1536.png 862w, https:\/\/streamperfect.de\/wp-content\/uploads\/2026\/03\/Bildschirmfoto-2026-03-20-um-22.07.30-430x766.png 430w, https:\/\/streamperfect.de\/wp-content\/uploads\/2026\/03\/Bildschirmfoto-2026-03-20-um-22.07.30-700x1247.png 700w, https:\/\/streamperfect.de\/wp-content\/uploads\/2026\/03\/Bildschirmfoto-2026-03-20-um-22.07.30-150x267.png 150w\" sizes=\"(max-width: 916px) 100vw, 916px\" \/><\/figure>\n<\/div>\n\n\n\n<div class=\"wp-block-column is-vertically-aligned-center is-layout-flow wp-block-column-is-layout-flow\">\n<div class=\"wp-block-columns is-layout-flex wp-container-core-columns-is-layout-9d6595d7 wp-block-columns-is-layout-flex\">\n<div class=\"wp-block-column is-layout-flow wp-block-column-is-layout-flow\" style=\"flex-basis:80%\">\n<h2 class=\"wp-block-heading\">Kurzbeschreibung<\/h2>\n\n\n\n<p>Drei gro\u00dfformatige Displays sorgen im Calin f\u00fcr eine moderne Atmosph\u00e4re und verbinden Angebote mit unterhaltsamen Inhalten.<\/p>\n<\/div>\n\n\n\n<div class=\"wp-block-column is-vertically-aligned-stretch is-layout-flow wp-block-column-is-layout-flow\"><\/div>\n<\/div>\n\n\n\n<div style=\"height:24px\" aria-hidden=\"true\" class=\"wp-block-spacer\"><\/div>\n\n\n\n<div class=\"wp-block-columns is-not-stacked-on-mobile has-medium-font-size is-layout-flex wp-container-core-columns-is-layout-9d6595d7 wp-block-columns-is-layout-flex\">\n<div class=\"wp-block-column is-layout-flow wp-block-column-is-layout-flow\" style=\"border-left-color:#1e1e1e40;border-left-width:1px;padding-top:0;padding-right:var(--wp--preset--spacing--20);padding-bottom:0;padding-left:var(--wp--preset--spacing--20)\">\n<h3 class=\"wp-block-heading\"><strong>Branche<\/strong> <\/h3>\n\n\n\n<p>Caf\u00e9 \/ Bar<\/p>\n<\/div>\n\n\n\n<div class=\"wp-block-column is-layout-flow wp-block-column-is-layout-flow\" style=\"border-left-color:#1e1e1e40;border-left-width:1px;padding-top:0;padding-right:var(--wp--preset--spacing--20);padding-bottom:0;padding-left:var(--wp--preset--spacing--20)\">\n<h3 class=\"wp-block-heading\">Standort<\/h3>\n\n\n\n<p>Wandsbek, Hamburg<\/p>\n<\/div>\n<\/div>\n\n\n\n<div style=\"height:8px\" aria-hidden=\"true\" class=\"wp-block-spacer\"><\/div>\n\n\n\n<div class=\"wp-block-columns is-not-stacked-on-mobile has-medium-font-size is-layout-flex wp-container-core-columns-is-layout-9d6595d7 wp-block-columns-is-layout-flex\">\n<div class=\"wp-block-column is-layout-flow wp-block-column-is-layout-flow\" style=\"border-left-color:#1e1e1e40;border-left-width:1px;padding-top:0;padding-right:var(--wp--preset--spacing--20);padding-bottom:0;padding-left:var(--wp--preset--spacing--20)\">\n<h3 class=\"wp-block-heading\">L\u00f6sung<\/h3>\n\n\n\n<p>3 \u00d7 65&#8243; Displays + Content- &amp; Social-Media-Integration<\/p>\n<\/div>\n<\/div>\n<\/div>\n<\/div>\n\n\n\n<div style=\"height:9px\" aria-hidden=\"true\" class=\"wp-block-spacer\"><\/div>\n<\/div><\/div>\n\n\n\n<div class=\"wp-block-group alignfull is-content-justification-center\" style=\"margin-top:0;margin-bottom:0;padding-top:calc( 0.5 * var(--wp--style--root--padding-right, var(--wp--custom--gap--horizontal)));padding-right:var(--wp--style--root--padding-right, var(--wp--custom--gap--horizontal));padding-bottom:calc( 0.5 * var(--wp--style--root--padding-right, var(--wp--custom--gap--horizontal)));padding-left:var(--wp--style--root--padding-left, var(--wp--custom--gap--horizontal))\"><div class=\"wp-block-group__inner-container is-layout-constrained wp-container-core-group-is-layout-b073b61b wp-block-group-is-layout-constrained\">\n<div style=\"height:calc( 0.25 * var(--wp--style--root--padding-right, var(--wp--custom--gap--horizontal)))\" aria-hidden=\"true\" class=\"wp-block-spacer\"><\/div>\n\n\n\n<div style=\"height:calc( 0.25 * var(--wp--style--root--padding-right, var(--wp--custom--gap--horizontal)))\" aria-hidden=\"true\" class=\"wp-block-spacer\"><\/div>\n<\/div><\/div>\n\n\n\n<div class=\"wp-block-group alignfull is-content-justification-center\" style=\"margin-top:0;margin-bottom:0;padding-top:calc( 0.5 * var(--wp--style--root--padding-right, var(--wp--custom--gap--horizontal)));padding-right:var(--wp--style--root--padding-right, var(--wp--custom--gap--horizontal));padding-bottom:calc( 0.5 * var(--wp--style--root--padding-right, var(--wp--custom--gap--horizontal)));padding-left:var(--wp--style--root--padding-left, var(--wp--custom--gap--horizontal))\"><div class=\"wp-block-group__inner-container is-layout-constrained wp-container-core-group-is-layout-b073b61b wp-block-group-is-layout-constrained\">\n<div style=\"height:calc( 0.25 * var(--wp--style--root--padding-right, var(--wp--custom--gap--horizontal)))\" aria-hidden=\"true\" class=\"wp-block-spacer\"><\/div>\n\n\n\n<div class=\"wp-block-columns alignwide is-layout-flex wp-container-core-columns-is-layout-3da6863c wp-block-columns-is-layout-flex\">\n<div class=\"wp-block-column is-layout-flow wp-block-column-is-layout-flow\">\n<h3 class=\"wp-block-heading is-service-name has-medium-font-size\" style=\"font-style:normal;font-weight:700\">Ausgangssituation<\/h3>\n\n\n\n<p class=\"is-service-description\">Die Calin Caf\u00e9 Bar in Hamburg-Wandsbek ist ein beliebter Treffpunkt f\u00fcr G\u00e4ste, die eine entspannte Atmosph\u00e4re mit modernem Ambiente sch\u00e4tzen.<\/p>\n\n\n\n<p class=\"is-service-description\">Die Herausforderung:<br>Angebote und Informationen sichtbar pr\u00e4sentieren, ohne die gem\u00fctliche Stimmung zu st\u00f6ren \u2013 und gleichzeitig mehr Aufmerksamkeit f\u00fcr Social Media erzeugen.<\/p>\n<\/div>\n\n\n\n<div class=\"wp-block-column is-layout-flow wp-block-column-is-layout-flow\">\n<h3 class=\"wp-block-heading is-service-name has-medium-font-size\" style=\"font-style:normal;font-weight:700\">L\u00f6sung<\/h3>\n\n\n\n<p class=\"is-service-description\">Wir haben <strong>drei gro\u00dfe 65&#8243; Displays<\/strong> installiert und ein individuelles Content-Konzept entwickelt, das perfekt zur Atmosph\u00e4re der Bar passt.<\/p>\n\n\n\n<p><strong>Das Konzept kombiniert Information und Unterhaltung:<\/strong><\/p>\n\n\n\n<ul class=\"wp-block-list\">\n<li>Pr\u00e4sentation von <strong>Angeboten und Aktionen<\/strong><\/li>\n\n\n\n<li>Anzeige von <strong>wichtigen Informationen<\/strong> f\u00fcr G\u00e4ste<\/li>\n\n\n\n<li>Einbindung von <strong>unterhaltsamen Inhalten<\/strong>, die die Stimmung auflockern<\/li>\n\n\n\n<li>Visuell abgestimmte Inhalte passend zum Ambiente<\/li>\n<\/ul>\n\n\n\n<p>Zus\u00e4tzlich nutzt Calin unsere <strong>dynamische Instagram-Anbindung<\/strong>:<\/p>\n\n\n\n<ul class=\"wp-block-list\">\n<li>Automatische Anzeige aktueller Beitr\u00e4ge<\/li>\n\n\n\n<li>St\u00e4rkere Sichtbarkeit von Social Media direkt vor Ort<\/li>\n\n\n\n<li>G\u00e4ste werden aktiv motiviert, Inhalte zu teilen<\/li>\n<\/ul>\n\n\n\n<p class=\"is-service-description\">Das Display wird so nicht nur zur Information, sondern Teil des Erlebnisses.<\/p>\n<\/div>\n\n\n\n<div class=\"wp-block-column is-layout-flow wp-block-column-is-layout-flow\">\n<h3 class=\"wp-block-heading is-service-name has-medium-font-size\" style=\"font-style:normal;font-weight:700\">Ergebnis<\/h3>\n\n\n\n<ul class=\"wp-block-list\">\n<li><strong>Angenehmere und modernere Atmosph\u00e4re<\/strong> im gesamten Bereich<\/li>\n<\/ul>\n\n\n\n<ul class=\"wp-block-list\">\n<li>Angebote werden dezent, aber effektiv wahrgenommen<\/li>\n<\/ul>\n\n\n\n<ul class=\"wp-block-list\">\n<li><strong>Mehr Interaktion mit G\u00e4sten<\/strong> durch visuelle Inhalte<\/li>\n<\/ul>\n\n\n\n<ul class=\"wp-block-list\">\n<li><strong>Verbesserte Instagram-Reichweite<\/strong> durch direkte Einbindung vor Ort<\/li>\n<\/ul>\n<\/div>\n<\/div>\n\n\n\n<div style=\"height:calc( 0.25 * var(--wp--style--root--padding-right, var(--wp--custom--gap--horizontal)))\" aria-hidden=\"true\" class=\"wp-block-spacer\"><\/div>\n<\/div><\/div>\n\n\n\n<p><\/p>\n","protected":false},"excerpt":{"rendered":"<p>Calin Bar Kurzbeschreibung Drei gro\u00dfformatige Displays sorgen im Calin f\u00fcr eine moderne Atmosph\u00e4re und verbinden Angebote mit unterhaltsamen Inhalten. Branche<\/p>\n","protected":false},"author":1,"featured_media":0,"parent":0,"menu_order":0,"comment_status":"closed","ping_status":"closed","template":"","meta":{"footnotes":""},"class_list":["post-16359","page","type-page","status-publish","hentry"],"_links":{"self":[{"href":"https:\/\/streamperfect.de\/index.php?rest_route=\/wp\/v2\/pages\/16359","targetHints":{"allow":["GET"]}}],"collection":[{"href":"https:\/\/streamperfect.de\/index.php?rest_route=\/wp\/v2\/pages"}],"about":[{"href":"https:\/\/streamperfect.de\/index.php?rest_route=\/wp\/v2\/types\/page"}],"author":[{"embeddable":true,"href":"https:\/\/streamperfect.de\/index.php?rest_route=\/wp\/v2\/users\/1"}],"replies":[{"embeddable":true,"href":"https:\/\/streamperfect.de\/index.php?rest_route=%2Fwp%2Fv2%2Fcomments&post=16359"}],"version-history":[{"count":6,"href":"https:\/\/streamperfect.de\/index.php?rest_route=\/wp\/v2\/pages\/16359\/revisions"}],"predecessor-version":[{"id":16369,"href":"https:\/\/streamperfect.de\/index.php?rest_route=\/wp\/v2\/pages\/16359\/revisions\/16369"}],"wp:attachment":[{"href":"https:\/\/streamperfect.de\/index.php?rest_route=%2Fwp%2Fv2%2Fmedia&parent=16359"}],"curies":[{"name":"wp","href":"https:\/\/api.w.org\/{rel}","templated":true}]}}