{"id":15835,"date":"2025-10-21T03:16:57","date_gmt":"2025-10-21T03:16:57","guid":{"rendered":"https:\/\/streamperfect.de\/?page_id=15835"},"modified":"2025-10-21T03:17:39","modified_gmt":"2025-10-21T03:17:39","slug":"supermarkte","status":"publish","type":"page","link":"https:\/\/streamperfect.de\/?page_id=15835","title":{"rendered":"Superm\u00e4rkte"},"content":{"rendered":"\t\t<div data-elementor-type=\"wp-page\" data-elementor-id=\"15835\" class=\"elementor elementor-15835\">\n\t\t\t\t\t\t<section class=\"wd-negative-gap elementor-section elementor-top-section elementor-element elementor-element-3ef562b wd-section-stretch elementor-section-boxed elementor-section-height-default elementor-section-height-default\" data-id=\"3ef562b\" data-element_type=\"section\" data-e-type=\"section\" data-settings=\"{&quot;background_background&quot;:&quot;classic&quot;}\">\n\t\t\t\t\t\t<div class=\"elementor-container elementor-column-gap-extended\">\n\t\t\t\t\t<div class=\"elementor-column elementor-col-50 elementor-top-column elementor-element elementor-element-e94b712\" data-id=\"e94b712\" data-element_type=\"column\" data-e-type=\"column\">\n\t\t\t<div class=\"elementor-widget-wrap elementor-element-populated\">\n\t\t\t\t\t\t<div class=\"elementor-element elementor-element-23a5bde elementor-widget elementor-widget-wd_image_or_svg\" data-id=\"23a5bde\" data-element_type=\"widget\" data-e-type=\"widget\" data-widget_type=\"wd_image_or_svg.default\">\n\t\t\t\t<div class=\"elementor-widget-container\">\n\t\t\t\t\t\n\t\t<div class=\"wd-image text-left\">\n\t\t\t\t\t\t\t\t<img fetchpriority=\"high\" decoding=\"async\" width=\"707\" height=\"601\" src=\"https:\/\/streamperfect.de\/wp-content\/uploads\/2025\/10\/Supermarket.png\" class=\"attachment-full size-full\" alt=\"\" srcset=\"https:\/\/streamperfect.de\/wp-content\/uploads\/2025\/10\/Supermarket.png 707w, https:\/\/streamperfect.de\/wp-content\/uploads\/2025\/10\/Supermarket-430x366.png 430w, https:\/\/streamperfect.de\/wp-content\/uploads\/2025\/10\/Supermarket-150x128.png 150w, https:\/\/streamperfect.de\/wp-content\/uploads\/2025\/10\/Supermarket-700x595.png 700w, https:\/\/streamperfect.de\/wp-content\/uploads\/2025\/10\/Supermarket-353x300.png 353w\" sizes=\"(max-width: 707px) 100vw, 707px\" \/>\t\t\t\t\t<\/div>\n\n\t\t\t\t\t\t<\/div>\n\t\t\t\t<\/div>\n\t\t\t\t\t<\/div>\n\t\t<\/div>\n\t\t\t\t<div class=\"elementor-column elementor-col-50 elementor-top-column elementor-element elementor-element-0a36238\" data-id=\"0a36238\" data-element_type=\"column\" data-e-type=\"column\">\n\t\t\t<div class=\"elementor-widget-wrap elementor-element-populated\">\n\t\t\t\t\t\t<div class=\"elementor-element elementor-element-c925e9c wd-width-100 elementor-widget elementor-widget-wd_title\" data-id=\"c925e9c\" data-element_type=\"widget\" data-e-type=\"widget\" data-widget_type=\"wd_title.default\">\n\t\t\t\t<div class=\"elementor-widget-container\">\n\t\t\t\t\t\t\t<div class=\"title-wrapper wd-set-mb reset-last-child wd-title-color-default wd-title-style-default wd-title-size-extra-large text-left\">\n\n\t\t\t\n\t\t\t<div class=\"liner-continer\">\n\t\t\t\t<h4 class=\"woodmart-title-container title wd-fontsize-xxxl wd-underline-colored\">Einzelhandel &amp; Superm\u00e4rkte<br \/>\n<\/h4> \n\t\t\t\t\t\t\t<\/div>\n\n\t\t\t\t\t<\/div>\n\t\t\t\t\t\t<\/div>\n\t\t\t\t<\/div>\n\t\t\t\t<div class=\"elementor-element elementor-element-6491c14 elementor-widget elementor-widget-wd_text_block\" data-id=\"6491c14\" data-element_type=\"widget\" data-e-type=\"widget\" data-widget_type=\"wd_text_block.default\">\n\t\t\t\t<div class=\"elementor-widget-container\">\n\t\t\t\t\t\t\t<div class=\"wd-text-block reset-last-child text-left\">\n\t\t\t\n\t\t\t<p class=\"\" data-start=\"142\" data-end=\"446\">Im Einzelhandel z\u00e4hlt jede Sekunde der Aufmerksamkeit. Mit Digital Signage k\u00f6nnen Sie Ihre Angebote, Sonderaktionen und Kampagnen direkt am Point of Sale platzieren \u2013 genau dort, wo Kaufentscheidungen getroffen werden. Digitale Displays erm\u00f6glichen es, Inhalte flexibel zu \u00e4ndern, ohne dass Druckkosten oder lange Vorlaufzeiten entstehen.<br \/><br \/>Ob Tagesangebote, Rabattaktionen oder Informationen zu neuen Produkten \u2013 Ihre Kunden erhalten sofort die relevanten Botschaften. Durch den Einsatz von zeitgesteuerten Inhalten k\u00f6nnen Sie Ihre Kommunikation zus\u00e4tzlich an Tageszeiten und Zielgruppen anpassen.<br \/><br \/>Besonders im Supermarktumfeld helfen Displays, Wartezeiten an Kassen oder Frischetheken sinnvoll zu \u00fcberbr\u00fccken. Kunden f\u00fchlen sich informiert und gleichzeitig unterhalten. Mit unserer L\u00f6sung behalten Sie die volle Kontrolle \u00fcber alle Filialen \u2013 zentral gesteuert aus einer Plattform. Das spart Zeit, reduziert Kosten und steigert nachweislich den Umsatz.<\/p>\n\t\t\t\t\t<\/div>\n\t\t\t\t\t\t<\/div>\n\t\t\t\t<\/div>\n\t\t\t\t\t<\/div>\n\t\t<\/div>\n\t\t\t\t\t<\/div>\n\t\t<\/section>\n\t\t\t\t<\/div>\n\t\t","protected":false},"excerpt":{"rendered":"<p>Einzelhandel &amp; Superm\u00e4rkte Im Einzelhandel z\u00e4hlt jede Sekunde der Aufmerksamkeit. Mit Digital Signage k\u00f6nnen Sie Ihre Angebote, Sonderaktionen und Kampagnen<\/p>\n","protected":false},"author":1,"featured_media":0,"parent":0,"menu_order":0,"comment_status":"closed","ping_status":"closed","template":"","meta":{"footnotes":""},"class_list":["post-15835","page","type-page","status-publish","hentry"],"_links":{"self":[{"href":"https:\/\/streamperfect.de\/index.php?rest_route=\/wp\/v2\/pages\/15835","targetHints":{"allow":["GET"]}}],"collection":[{"href":"https:\/\/streamperfect.de\/index.php?rest_route=\/wp\/v2\/pages"}],"about":[{"href":"https:\/\/streamperfect.de\/index.php?rest_route=\/wp\/v2\/types\/page"}],"author":[{"embeddable":true,"href":"https:\/\/streamperfect.de\/index.php?rest_route=\/wp\/v2\/users\/1"}],"replies":[{"embeddable":true,"href":"https:\/\/streamperfect.de\/index.php?rest_route=%2Fwp%2Fv2%2Fcomments&post=15835"}],"version-history":[{"count":0,"href":"https:\/\/streamperfect.de\/index.php?rest_route=\/wp\/v2\/pages\/15835\/revisions"}],"wp:attachment":[{"href":"https:\/\/streamperfect.de\/index.php?rest_route=%2Fwp%2Fv2%2Fmedia&parent=15835"}],"curies":[{"name":"wp","href":"https:\/\/api.w.org\/{rel}","templated":true}]}}