{"id":15812,"date":"2025-10-21T03:07:21","date_gmt":"2025-10-21T03:07:21","guid":{"rendered":"https:\/\/streamperfect.de\/?page_id=15812"},"modified":"2025-11-10T03:14:27","modified_gmt":"2025-11-10T03:14:27","slug":"praxis","status":"publish","type":"page","link":"https:\/\/streamperfect.de\/?page_id=15812","title":{"rendered":"Praxis"},"content":{"rendered":"\t\t<div data-elementor-type=\"wp-page\" data-elementor-id=\"15812\" class=\"elementor elementor-15812\">\n\t\t\t\t\t\t<section class=\"wd-negative-gap elementor-section elementor-top-section elementor-element elementor-element-3e8ae61 wd-section-stretch elementor-section-boxed elementor-section-height-default elementor-section-height-default\" data-id=\"3e8ae61\" data-element_type=\"section\" data-e-type=\"section\" data-settings=\"{&quot;background_background&quot;:&quot;classic&quot;}\">\n\t\t\t\t\t\t<div class=\"elementor-container elementor-column-gap-extended\">\n\t\t\t\t\t<div class=\"elementor-column elementor-col-50 elementor-top-column elementor-element elementor-element-50a6b1a\" data-id=\"50a6b1a\" data-element_type=\"column\" data-e-type=\"column\">\n\t\t\t<div class=\"elementor-widget-wrap elementor-element-populated\">\n\t\t\t\t\t\t<div class=\"elementor-element elementor-element-ac1cd78 elementor-widget elementor-widget-wd_image_or_svg\" data-id=\"ac1cd78\" data-element_type=\"widget\" data-e-type=\"widget\" data-widget_type=\"wd_image_or_svg.default\">\n\t\t\t\t<div class=\"elementor-widget-container\">\n\t\t\t\t\t\n\t\t<div class=\"wd-image text-left\">\n\t\t\t\t\t\t\t\t<img fetchpriority=\"high\" decoding=\"async\" width=\"707\" height=\"624\" src=\"https:\/\/streamperfect.de\/wp-content\/uploads\/2025\/10\/Praxis.png\" class=\"attachment-full size-full\" alt=\"\" srcset=\"https:\/\/streamperfect.de\/wp-content\/uploads\/2025\/10\/Praxis.png 707w, https:\/\/streamperfect.de\/wp-content\/uploads\/2025\/10\/Praxis-430x380.png 430w, https:\/\/streamperfect.de\/wp-content\/uploads\/2025\/10\/Praxis-150x132.png 150w, https:\/\/streamperfect.de\/wp-content\/uploads\/2025\/10\/Praxis-700x618.png 700w, https:\/\/streamperfect.de\/wp-content\/uploads\/2025\/10\/Praxis-340x300.png 340w\" sizes=\"(max-width: 707px) 100vw, 707px\" \/>\t\t\t\t\t<\/div>\n\n\t\t\t\t\t\t<\/div>\n\t\t\t\t<\/div>\n\t\t\t\t\t<\/div>\n\t\t<\/div>\n\t\t\t\t<div class=\"elementor-column elementor-col-50 elementor-top-column elementor-element elementor-element-06760ff\" data-id=\"06760ff\" data-element_type=\"column\" data-e-type=\"column\">\n\t\t\t<div class=\"elementor-widget-wrap elementor-element-populated\">\n\t\t\t\t\t\t<div class=\"elementor-element elementor-element-1b42fd6 wd-width-100 elementor-widget elementor-widget-wd_title\" data-id=\"1b42fd6\" data-element_type=\"widget\" data-e-type=\"widget\" data-widget_type=\"wd_title.default\">\n\t\t\t\t<div class=\"elementor-widget-container\">\n\t\t\t\t\t\t\t<div class=\"title-wrapper wd-set-mb reset-last-child wd-title-color-default wd-title-style-default wd-title-size-extra-large text-left\">\n\n\t\t\t\n\t\t\t<div class=\"liner-continer\">\n\t\t\t\t<h4 class=\"woodmart-title-container title wd-fontsize-xxxl wd-underline-colored\">Apotheken &amp; Arztpraxen<br \/>\n<\/h4> \n\t\t\t\t\t\t\t<\/div>\n\n\t\t\t\t\t<\/div>\n\t\t\t\t\t\t<\/div>\n\t\t\t\t<\/div>\n\t\t\t\t<div class=\"elementor-element elementor-element-65db06f elementor-widget elementor-widget-wd_text_block\" data-id=\"65db06f\" data-element_type=\"widget\" data-e-type=\"widget\" data-widget_type=\"wd_text_block.default\">\n\t\t\t\t<div class=\"elementor-widget-container\">\n\t\t\t\t\t\t\t<div class=\"wd-text-block reset-last-child text-left\">\n\t\t\t\n\t\t\t<p class=\"\" data-start=\"142\" data-end=\"446\">Wir bieten Unternehmen eine umfassende L\u00f6sung f\u00fcr digitale Kommunikation \u2013 von der ersten Idee bis zum laufenden Betrieb. Unsere Leistungen reichen von der Beratung und Auswahl geeigneter Hardware \u00fcber die Lieferung und Montage bis hin zur Einrichtung unserer leistungsstarken, cloudbasierten Software.<\/p><p class=\"\" data-start=\"448\" data-end=\"751\">Mit Stream Perfect erhalten Sie nicht nur ein technisches System, sondern eine durchdachte Komplettl\u00f6sung: Wir gestalten auf Wunsch auch die Inhalte f\u00fcr Ihre Bildschirme, \u00fcbernehmen die Programmierung zeitgesteuerter Kampagnen und sorgen f\u00fcr eine reibungslose Verwaltung \u00fcber mehrere Standorte hinweg.<\/p><p class=\"\" data-start=\"753\" data-end=\"1034\">Unser Support steht Ihnen bei allen Fragen zur Seite \u2013 sei es bei der Schulung Ihres Teams, der technischen Einrichtung oder der Wartung Ihrer Ger\u00e4te. So garantieren wir, dass Ihre Botschaften zur richtigen Zeit am richtigen Ort gesehen werden \u2013 klar, effizient und wirkungsvoll.<\/p><p class=\"\" data-start=\"1036\" data-end=\"1257\">Ob im Einzelhandel, in der Gastronomie, im Gesundheitswesen oder in Veranstaltungsr\u00e4umen: Wir liefern passgenaue L\u00f6sungen, die sich nahtlos in Ihre Umgebung integrieren und Ihre Kommunikation auf ein neues Niveau heben.<\/p>\n\t\t\t\t\t<\/div>\n\t\t\t\t\t\t<\/div>\n\t\t\t\t<\/div>\n\t\t\t\t\t<\/div>\n\t\t<\/div>\n\t\t\t\t\t<\/div>\n\t\t<\/section>\n\t\t<div class=\"wd-negative-gap elementor-element elementor-element-ff1633b e-flex e-con-boxed e-con e-parent\" data-id=\"ff1633b\" data-element_type=\"container\" data-e-type=\"container\">\n\t\t\t\t\t<div class=\"e-con-inner\">\n\t\t<div class=\"elementor-element elementor-element-ebbfa16 e-con-full e-flex e-con e-child\" data-id=\"ebbfa16\" data-element_type=\"container\" data-e-type=\"container\">\n\t\t\t\t<div class=\"elementor-element elementor-element-f63f608 elementor-button-success elementor-widget elementor-widget-button\" data-id=\"f63f608\" data-element_type=\"widget\" data-e-type=\"widget\" data-widget_type=\"button.default\">\n\t\t\t\t<div class=\"elementor-widget-container\">\n\t\t\t\t\t\t\t\t\t<div class=\"elementor-button-wrapper\">\n\t\t\t\t\t<a class=\"elementor-button elementor-button-link elementor-size-sm\" href=\"https:\/\/streamperfect.de\/kontakt\/\">\n\t\t\t\t\t\t<span class=\"elementor-button-content-wrapper\">\n\t\t\t\t\t\t<span class=\"elementor-button-icon\">\n\t\t\t\t<i aria-hidden=\"true\" class=\"far fa-bell\"><\/i>\t\t\t<\/span>\n\t\t\t\t\t\t\t\t\t<span class=\"elementor-button-text\">Demo buchen<\/span>\n\t\t\t\t\t<\/span>\n\t\t\t\t\t<\/a>\n\t\t\t\t<\/div>\n\t\t\t\t\t\t\t\t<\/div>\n\t\t\t\t<\/div>\n\t\t\t\t<div class=\"elementor-element elementor-element-49bae4b elementor-widget elementor-widget-wd_button\" data-id=\"49bae4b\" data-element_type=\"widget\" data-e-type=\"widget\" data-widget_type=\"wd_button.default\">\n\t\t\t\t<div class=\"elementor-widget-container\">\n\t\t\t\t\t\t\t<div class=\"wd-button-wrapper text-center\" >\n\t\t\t<a class=\"btn btn-style-3d btn-shape-rectangle btn-size-default btn-icon-pos-right\"  href=\"https:\/\/streamperfect.de\/kontakt\/\" style=\"--btn-color:#fff;\">\n\t\t\t\t<span class=\"wd-btn-text\" data-elementor-setting-key=\"text\">\n\t\t\t\t\tDemo buchen\t\t\t\t<\/span>\n\n\t\t\t\t\t\t\t<\/a>\n\t\t<\/div>\n\t\t\t\t\t\t<\/div>\n\t\t\t\t<\/div>\n\t\t\t\t<\/div>\n\t\t<div class=\"elementor-element elementor-element-b2e3d68 e-con-full e-flex e-con e-child\" data-id=\"b2e3d68\" data-element_type=\"container\" data-e-type=\"container\">\n\t\t\t\t<\/div>\n\t\t\t\t<div class=\"elementor-element elementor-element-9a791df wd-width-100 elementor-widget elementor-widget-wd_video\" data-id=\"9a791df\" data-element_type=\"widget\" data-e-type=\"widget\" data-widget_type=\"wd_video.default\">\n\t\t\t\t<div class=\"elementor-widget-container\">\n\t\t\t\t\t\n\t\t<div class=\"wd-el-video wd-action-overlay wd-video-hosted\">\n\t\t\t\t\t\t\t<video data-lazy-load=\"https:\/\/streamperfect.de\/wp-content\/uploads\/2025\/11\/Praxen_Podcast.mp3\" playsinline muted controls><\/video>\t\t\t\n\t\t\t\n\t\t\t\n\t\t\t\t\t\t\t<div class=\"wd-el-video-overlay wd-fill\">\n\t\t\t\t\t<img decoding=\"async\" width=\"2318\" height=\"1632\" src=\"https:\/\/streamperfect.de\/wp-content\/uploads\/2025\/11\/podcast.png\" class=\"attachment-full size-full\" alt=\"\" \/>\t\t\t\t<\/div>\n\t\t\t\t<div class=\"wd-el-video-control color-scheme-light wd-fill\">\n\t\t\t\t\t<span class=\"wd-el-video-play-btn\"><\/span>\n\t\t\t\t\t\t\t\t\t\t\t<span class=\"wd-el-video-play-label\">\n\t\t\t\t\t\t\tPodcast\t\t\t\t\t\t<\/span>\n\t\t\t\t\t\t\t\t\t<\/div>\n\n\t\t\t\t<a class=\"wd-el-video-link wd-el-video-btn-overlay wd-fill wd-el-video-hosted\" href=\"#69d9c811cc5d7\"><\/a>\n\t\t\t\t\t<\/div>\n\t\t\t\t\t\t<\/div>\n\t\t\t\t<\/div>\n\t\t\t\t<div class=\"elementor-element elementor-element-d4fce9f elementor-widget elementor-widget-button\" data-id=\"d4fce9f\" data-element_type=\"widget\" data-e-type=\"widget\" data-widget_type=\"button.default\">\n\t\t\t\t<div class=\"elementor-widget-container\">\n\t\t\t\t\t\t\t\t\t<div class=\"elementor-button-wrapper\">\n\t\t\t\t\t<a class=\"elementor-button elementor-button-link elementor-size-sm\" href=\"#\">\n\t\t\t\t\t\t<span class=\"elementor-button-content-wrapper\">\n\t\t\t\t\t\t\t\t\t<span class=\"elementor-button-text\">Click here<\/span>\n\t\t\t\t\t<\/span>\n\t\t\t\t\t<\/a>\n\t\t\t\t<\/div>\n\t\t\t\t\t\t\t\t<\/div>\n\t\t\t\t<\/div>\n\t\t\t\t\t<\/div>\n\t\t\t\t<\/div>\n\t\t\t\t<\/div>\n\t\t","protected":false},"excerpt":{"rendered":"<p>Apotheken &amp; Arztpraxen Wir bieten Unternehmen eine umfassende L\u00f6sung f\u00fcr digitale Kommunikation \u2013 von der ersten Idee bis zum laufenden<\/p>\n","protected":false},"author":1,"featured_media":0,"parent":0,"menu_order":0,"comment_status":"closed","ping_status":"closed","template":"","meta":{"footnotes":""},"class_list":["post-15812","page","type-page","status-publish","hentry"],"_links":{"self":[{"href":"https:\/\/streamperfect.de\/index.php?rest_route=\/wp\/v2\/pages\/15812","targetHints":{"allow":["GET"]}}],"collection":[{"href":"https:\/\/streamperfect.de\/index.php?rest_route=\/wp\/v2\/pages"}],"about":[{"href":"https:\/\/streamperfect.de\/index.php?rest_route=\/wp\/v2\/types\/page"}],"author":[{"embeddable":true,"href":"https:\/\/streamperfect.de\/index.php?rest_route=\/wp\/v2\/users\/1"}],"replies":[{"embeddable":true,"href":"https:\/\/streamperfect.de\/index.php?rest_route=%2Fwp%2Fv2%2Fcomments&post=15812"}],"version-history":[{"count":21,"href":"https:\/\/streamperfect.de\/index.php?rest_route=\/wp\/v2\/pages\/15812\/revisions"}],"predecessor-version":[{"id":16022,"href":"https:\/\/streamperfect.de\/index.php?rest_route=\/wp\/v2\/pages\/15812\/revisions\/16022"}],"wp:attachment":[{"href":"https:\/\/streamperfect.de\/index.php?rest_route=%2Fwp%2Fv2%2Fmedia&parent=15812"}],"curies":[{"name":"wp","href":"https:\/\/api.w.org\/{rel}","templated":true}]}}